 1*(1 + -6). What are the prime factors of (d/3 + 676/10)*5?
3, 37
Let v(r) = 2*r**3 - 3*r**2 - 12*r + 5. Suppose 7 + 2 = -4*t - 5*k, 2*t - k = 13. Let w be (-6)/t*(400/(-15))/8. What are the prime factors of v(w)?
2, 3, 5
Suppose -5*q - 10 = 0, 37*c = 35*c + 5*q + 16800. List the prime factors of c.
5, 23, 73
Suppose 4*z + b - 188815 = 0, -20*b = -5*z - 15*b + 236025. What are the prime factors of z?
2, 11801
Let z be 1384*(-4)/(-184) - 6/69. Let x(f) = 2*f**3 - 60*f**2 + 5*f - 59. List the prime factors of x(z).
7, 13
Let y = 112929 + -70595. List the prime factors of y.
2, 61, 347
List the prime factors of 42735038/902 - ((2 - (-20)/(-22)) + -1).
2, 23689
Let p(m) = -3*m + 6. Let n be p(-3). Suppose 3*u + n = 4*x - x, u = -x - 7. What are the prime factors of -21*(-8)/(-60)*u*10?
2, 3, 7
Let g = 39 - 37. Suppose -5*i + r = -196, i - 112 = -g*i + 2*r. Let q = i + -32. List the prime factors of q.
2
List the prime factors of (-2)/(-8)*(-8)/(-11) - 11480694/(-638).
5, 59, 61
Let s(r) = -1745*r - 1932. What are the prime factors of s(-8)?
2, 31, 97
Suppose 0 = 6*o - o - 5*g, 2*g - 4 = 0. List the prime factors of 4/(-40)*-85*3*o.
3, 17
Let u(t) = 5*t + 6. Let k(s) = s**2 - s. Let p(o) = 2*o**2 + 6*o + 5. Let z(b) = k(b) - p(b). Let n be z(-6). List the prime factors of u(n).
11
List the prime factors of ((-1959)/(-2))/((-6)/((-12)/7) + -2).
653
Let u = 67 + -81. List the prime factors of (20/(-5) - -27)/((-1)/u).
2, 7, 23
Suppose 9*z - 4*c - 393681 = 0, 20*z - 19*z - 43739 = c. What are the prime factors of z?
5, 13, 673
Let p = 46867 + -26958. What are the prime factors of p?
43, 463
Suppose 0 = -4*k - 2*l + 1474, 5*l - 4*l - 1850 = -5*k. Suppose -k = -8*n + 909. What are the prime factors of n?
2, 5
Let p = 35094 + -8403. List the prime factors of p.
3, 7, 31, 41
Suppose -39*y - 219093 + 662952 = 0. List the prime factors of y.
19, 599
Let y be 24003/81 - (-4)/6. Suppose 0 = 3*p - 4*w - 112 - 170, -363 = -4*p + w. Suppose 3*t - p = y. List the prime factors of t.
3, 43
Let a(o) = 3*o + 28. Let q be a(13). Let r = q - 23. Suppose -106 = -2*p - g, -p - 5*g + r = -0*p. List the prime factors of p.
2, 3
Let r(j) = -40*j + 5. Let h(f) = -f**3 - 5*f**2 + 11*f + 21. Let b be h(-6). What are the prime factors of r(b)?
5, 73
Let m = 42 + -84. What are the prime factors of 7676/14 - -2 - m/(-147)?
2, 5, 11
Let r(o) be the first derivative of o**4/4 + 5*o**3 + 13*o**2/2 + 17*o - 40. List the prime factors of r(-14).
31
Let q(b) = -b**3 + 23*b**2 + 78*b - 57. List the prime factors of q(19).
19, 151
Suppose -4*u - 78 = -m + 143, 2*u - 607 = -3*m. Suppose 2*j - f = 733, -518 = -2*j - f + m. What are the prime factors of j?
2, 7, 13
Suppose -315907 = -26*y - 53073. List the prime factors of y.
11, 919
Let t = -364 - -6115. What are the prime factors of t?
3, 71
Let l be ((-41)/(-164))/(1/16) + -1. Suppose 564 + 1320 = l*f. List the prime factors of f.
2, 157
Let u(t) = -t**3 + 43*t**2 + 3*t - 171. List the prime factors of u(-30).
3, 11, 661
Let o = -908 - -16435. List the prime factors of o.
15527
Let k(d) = 7*d + 12. Let g(x) = -4*x - 4. Let c(n) = -21*n - 20. Let m(z) = 6*c(z) - 33*g(z). Let y(o) = -4*k(o) + 3*m(o). List the prime factors of y(-14).
2
Suppose -4523858 = -21*p - 17*p - 44*p. What are the prime factors of p?
43, 1283
Suppose g - 4*d - 4671 = 0, 4*g - 19*d - 18672 = -15*d. List the prime factors of g.
13, 359
Let r(z) = z + 3. Let s be r(-2). Let p be (-1 + 17)/(s/34*-4). Let k = p + 231. List the prime factors of k.
5, 19
List the prime factors of -9*(-200)/(-180) - -26.
2
Let g be (2740/(-6))/((-42)/63). Let v = g - 373. What are the prime factors of v?
2, 3, 13
Suppose -246*c = -41*c - c - 1936164. List the prime factors of c.
9491
Let t = 143 - 151. What are the prime factors of ((-353)/(-2))/(t/(-32))?
2, 353
Let v(x) = -18*x**2 - x - 4. Let c be v(-2). Let s = c + 210. What are the prime factors of s?
2, 17
Suppose 9*g = 12*g - 252. Suppose 0 = -0*s + s - 3*r - g, 0 = 2*s - r - 148. Let y = 122 - s. List the prime factors of y.
2, 5
Suppose -2*t = -t + 4*m - 604, 0 = -3*t + 5*m + 1778. Suppose 4*b - 476 = t. What are the prime factors of b?
2, 67
Suppose 0 = 8*v - 36 - 12. Let f(l) = 3 + v*l - 1 - 6 + 4*l**2. List the prime factors of f(5).
2, 3, 7
Let u(o) = -153*o**3 - 8*o**2 - o - 5. Let q(y) = 154*y**3 + 7*y**2 + y + 4. Let c(n) = 7*q(n) + 6*u(n). List the prime factors of c(1).
2, 5
Let d be 114/(-21) - 9/(189/12). List the prime factors of -3 + (-442)/(-5) + d/15.
5, 17
Suppose 2*d + 2 = -j, -2*j + 33 = -5*j + 3*d. Let q(z) = -z - 7*z - 5*z + 9 + 3*z. List the prime factors of q(j).
89
Let j(c) be the first derivative of c**4/2 - 3*c**3 + 3*c**2 - 10*c - 884. Suppose -4*g = -5*i + 31, -2*g = i - 0*i - 9. List the prime factors of j(i).
277
Let s(f) = 6*f**3 - f**2 - 6*f + 6. Let u be s(2). Suppose 94 = v + u. List the prime factors of v.
2, 7
List the prime factors of 30894 - (6/(-3) + -2 + -3*1).
13, 2377
Let w(a) = -4 - 7 - 9 + 28 + 5*a. Let u be w(-4). What are the prime factors of (u/(-10))/(1/30)?
2, 3
Suppose 4*n = n + 5568. Suppose 4*f - 792 = -g, 4*f + n = 4*g - 1232. List the prime factors of g.
2, 97
Let m = -288 + 289. What are the prime factors of 4 - (m - 168)*3?
5, 101
Suppose 25*r - 558 = -6*r. List the prime factors of (-27)/r*(2 - 2360/15).
233
Let o(i) = -266*i**2 - 5*i - 9. Let a be o(-2). List the prime factors of -15 - -16 - (a - 1).
3, 5, 71
Suppose 2*v - 424 + 156 = 0. Let t = v + -80. What are the prime factors of t?
2, 3
Suppose -11*j + 10*j + 11*j = 230. Let u(b) = -b. Let d(w) = 12*w - 78. Let h(p) = d(p) + 2*u(p). What are the prime factors of h(j)?
2, 19
Let c be 21/(-7)*(-96 + (-2 - -2)). Suppose -u - u = -c. Suppose 0*g - 3*g - f = -u, 4*f = -12. What are the prime factors of g?
7
Let l = 2166 + -869. Let q = -2332 + l. What are the prime factors of 4/(10/q*-3)?
2, 3, 23
Suppose -2*p = 2*o - 12, -4*p - o = -0*p - 21. Suppose 0 = -p*z + 1759 + 1441. What are the prime factors of z?
2, 5
Let o = 19 - 11. Suppose 0*f = o*f - 2192. List the prime factors of 4/8 - f/(-4).
3, 23
Let m(t) = -1092*t**3 - 155*t**2 - 7*t - 3. List the prime factors of m(-3).
3, 347
Let s(z) = -27*z - 10. Let d(r) = -r**3 - 19*r**2 + 3*r + 26. Let w be d(-19). Let y = w - -28. What are the prime factors of s(y)?
71
Suppose 5*r = 5*v - v, 0 = v + 4*r. Suppose -c - 1196 = -3*z, -10*z + 14*z + 5*c - 1620 = v. Suppose -24*w + z = -8*w. List the prime factors of w.
5
Let k be -3 - (-7 - (-9 - 102)). Let z(c) = -6*c**2 - 3*c - 3. Let r be z(-3). Let b = r - k. What are the prime factors of b?
59
Suppose -168*v + 27*v = -2297736. List the prime factors of v.
2, 3, 7, 97
Suppose 3*k + 8588 = d + 2745, -2*k - 3900 = 4*d. Let o = -380 - k. What are the prime factors of o?
2, 7
Suppose 4*x - 2 = 2*d, d - 5*x + 2 + 2 = 0. Let t(u) be the third derivative of 211*u**5/60 + u**3/6 + 104*u**2. What are the prime factors of t(d)?
2, 53
Let l = 95 + -313. Let w = 1 + l. Let o = 368 + w. List the prime factors of o.
151
Suppose 2*z = -5*m + 31003, 7*z - 4*m = 6*z + 15534. List the prime factors of z.
2, 7757
Suppose 5*i + 3*d = -0*i - 706, -i - 144 = 2*d. Let h = i - -44. Let u = 17 - h. What are the prime factors of u?
113
Suppose -5*p + 2*t + 83 = 0, -52 = -0*p - 4*p - 2*t. Suppose -p*q + 7*q = -5864. List the prime factors of q.
733
Let z = 249 + 34. Let r(q) = -7*q**2 + 17*q + 16. Let v be r(-1). List the prime factors of z + -3 - (v + 12).
2, 3, 23
Let j(c) = -4*c**3 + c. Let m be j(-1). Let u(r) = 143*r - 25. Let f be u(m). Suppose -7*x - f = -9*x - 4*b, -x = -5*b - 202. What are the prime factors of x?
2, 101
Let o(d) = d**3 - 24*d**2 + 30*d - 28. Let c be o(23). Suppose 139*k = c*k + 702. List the prime factors of k.
3, 13
Suppose 36 + 19 = 11*f. Suppose f*v = -4*h - 555, 570 = -0*h - 4*h - 2*v. Let j = -23 - h. List the prime factors of j.
2, 61
Suppose 206 = 4*x - 374. Let p = 198 - x. What are the prime factors of p?
53
Let a be ((-3)/(-2))/(63/10416). Suppose -2*i - 3*i + 305 = 0. Suppose 0*f - g + a = 5*f, -f + i = 4*g. What are the prime factors of f?
7
Let f(q) = 2*q**2 - 88*q + 86. Let b be f(43). Suppose 3*t = 5*d + 754 + 679, b = -3*d + 6. List the prime factors of t.
13, 37
Let w = 67 - 71. Let b(d) = -d**3 - 5*d**2 - 6